{"id":5026,"date":"2024-05-19T14:01:08","date_gmt":"2024-05-19T14:01:08","guid":{"rendered":"https:\/\/www.frenchtechberlin.com\/la-french-tech-in-europa-versammlung\/"},"modified":"2024-05-19T14:02:14","modified_gmt":"2024-05-19T14:02:14","slug":"la-french-tech-in-europa-versammlung","status":"publish","type":"page","link":"https:\/\/www.frenchtechberlin.com\/de\/la-french-tech-in-europa-versammlung\/","title":{"rendered":"La French Tech in Europa Versammlung"},"content":{"rendered":"\n<div class=\"wp-block-uagb-image uagb-block-8f4c036c wp-block-uagb-image--layout-default wp-block-uagb-image--effect-static wp-block-uagb-image--align-none\"><figure class=\"wp-block-uagb-image__figure\"><img decoding=\"async\" srcset=\"https:\/\/www.frenchtechberlin.com\/wp-content\/uploads\/2024\/05\/french-tech-communities-in-europe.jpeg ,https:\/\/www.frenchtechberlin.com\/wp-content\/uploads\/2024\/05\/french-tech-communities-in-europe.jpeg 780w, https:\/\/www.frenchtechberlin.com\/wp-content\/uploads\/2024\/05\/french-tech-communities-in-europe.jpeg 360w\" sizes=\"auto, (max-width: 480px) 150px\" src=\"https:\/\/www.frenchtechberlin.com\/wp-content\/uploads\/2024\/05\/french-tech-communities-in-europe.jpeg\" alt=\"\" class=\"uag-image-5018\" width=\"940\" height=\"470\" title=\"french-tech-communities-in-europe\" loading=\"lazy\" role=\"img\"\/><\/figure><\/div>\n\n<p>Sonderveranstaltung w\u00e4hrend der Vivatech durch die franz\u00f6sischen Tech-Communities in Europa!<br\/><br\/>Am 2. Tag von <a href=\"https:\/\/www.linkedin.com\/company\/viva-technology\/\">Viva Technology<\/a> laden die Vorstandsmitglieder der franz\u00f6sischen Tech-Communities in Europa Sie zu einem ganz besonderen Networking-Event ein. Dies wird ein Moment sein, in dem die breiteren europ\u00e4ischen French Tech Communities zusammenkommen und sich besser kennenlernen k\u00f6nnen!<br\/><br\/>Dies ist der perfekte Moment, um sich mit franz\u00f6sischen Tech-Communities in Europa zu vernetzen, mit Amsterdam, Barcelona, Belgrad, Berlin, Br\u00fcssel, Bukarest, Dublin, D\u00fcsseldorf, Istanbul, Italien, Krakau, Kiew, Lissabon, London, Madrid, M\u00fcnchen, den nordischen L\u00e4ndern und der Schweiz!<br\/><br\/>Wann: Donnerstag, 23. Mai<br\/>Zeit: 6PM &#8211; 9PM<br\/>Standort: <a href=\"https:\/\/www.linkedin.com\/company\/neoma-business-school\/\">NEOMA Business School<\/a> Campus in Paris<br\/><br\/>Wenn Sie Mitglied einer franz\u00f6sischen Tech-Community in Europa sind, nehmen Sie an einer einzigartigen Networking-Veranstaltung \u00fcber die besten M\u00f6glichkeiten zur Expansion in Europa teil.  <\/p>\n\n<p>Registrieren Sie sich noch heute:  <\/p>\n\n<p><a href=\"https:\/\/www.eventbrite.com\/e\/la-french-tech-in-europe-gathering-tickets-848614668317\">https:\/\/www.eventbrite.com\/e\/la-french-tech-in-europe-gathering-tickets-848614668317<\/a><br\/><br\/>Wir hoffen, viele von Ihnen dort zu sehen!<br\/><br\/><a href=\"https:\/\/www.linkedin.com\/company\/la-french-tech\/\">La French Tech<\/a> <a href=\"https:\/\/www.linkedin.com\/company\/frenchtechamsterdam\/\">Franz\u00f6sisch Tech Amsterdam<\/a> <a href=\"https:\/\/www.linkedin.com\/company\/la-french-tech-italy\/\">La French Tech Italien<\/a> <a href=\"https:\/\/www.linkedin.com\/company\/french-tech-london\/\">La French Tech London<\/a> <a href=\"https:\/\/www.linkedin.com\/company\/french-tech-berlin\/\">Franz\u00f6sisch Tech Berlin<\/a> <a href=\"https:\/\/www.linkedin.com\/company\/la-french-tech-d-sseldorf\/\">La French Tech D\u00fcsseldorf<\/a> <a href=\"https:\/\/www.linkedin.com\/company\/la-french-tech-munich\/\">La French Tech M\u00fcnchen<\/a> <a href=\"https:\/\/www.linkedin.com\/company\/french-tech-istanbul\/\">La French Tech Istanbul<\/a> <a href=\"https:\/\/www.linkedin.com\/company\/french-tech-belgrade\/\">La French Tech Belgrad<\/a> <a href=\"https:\/\/www.linkedin.com\/company\/frenchtech-dublin\/\">La French Tech Dublin<\/a> <a href=\"https:\/\/www.linkedin.com\/company\/la-french-tech-bruxelles\/\">La French Tech Br\u00fcssel<\/a> <a href=\"https:\/\/www.linkedin.com\/company\/french-tech-madrid\/\">Franz\u00f6sisch Tech Madrid<\/a> <a href=\"https:\/\/www.linkedin.com\/company\/french-tech-krakow\/\">La French Tech Krakau<\/a> <a href=\"https:\/\/www.linkedin.com\/company\/french-tech-barcelona\/\">Franz\u00f6sisch Tech Barcelona<\/a> <a href=\"https:\/\/www.linkedin.com\/company\/french-tech-kyiv\/\">La French Tech Kyiv<\/a> <a href=\"https:\/\/www.linkedin.com\/company\/frenchtechbucharest\/\">Franz\u00f6sisch Tech Bukarest<\/a> <a href=\"https:\/\/www.linkedin.com\/company\/frenchtechlisbon\/\">Franz\u00f6sisch Tech Lissabon<\/a> <a href=\"https:\/\/www.linkedin.com\/company\/la-french-tech-nordics\/\">La French Tech Nordics<\/a> <a href=\"https:\/\/www.linkedin.com\/company\/lafrenchtechsuisse\/\">La French Tech Suisse Romande<\/a><br\/><\/p>\n\n<p>Best\u00e4tigte Redner:<br\/><a href=\"https:\/\/www.linkedin.com\/in\/ACoAAAADBPEBewMWHPFff4-8-CA4tYRG7FTEo8o\"><\/a><a href=\"https:\/\/www.linkedin.com\/in\/patrickamiel\/\">Patrick Amiel<\/a>, Gr\u00fcnder <a href=\"https:\/\/www.linkedin.com\/company\/321founded\/\">321 &#8211; Corporate Startup Studio<\/a><br\/><a href=\"https:\/\/www.linkedin.com\/in\/ACoAAANjxDwB9Jn7Ve0IXZMpQjnjFcf9bK_w7wI\"><\/a><a href=\"https:\/\/www.linkedin.com\/in\/pascalcondamine\/\">Pascal Condamine<\/a>, VP Startups <a href=\"https:\/\/www.linkedin.com\/company\/scaleway\/\">Scaleway<\/a><br\/><a href=\"https:\/\/www.linkedin.com\/in\/ACoAAB03Jr4B1Zb9of9Zaqkld-HSrQP4m9GHfPQ\"><\/a><a href=\"https:\/\/www.linkedin.com\/in\/nicolas-proust-8a6199118\/\">NICOLAS PROUST<\/a>, Leiter der Strategie <a href=\"https:\/\/www.linkedin.com\/company\/pasqal\/\">Pasqal<\/a><br\/>Pauline Paquet (Director of Operations) und Nuria Rivaya (Brand &amp; Communications Lead), Xange  <\/p>\n\n<p><\/p>\n","protected":false},"excerpt":{"rendered":"<p>Sonderveranstaltung w\u00e4hrend der Vivatech durch die franz\u00f6sischen Tech-Communities in Europa! Am 2. Tag von Viva Technology laden die Vorstandsmitglieder der franz\u00f6sischen Tech-Communities in Europa Sie zu einem ganz besonderen Networking-Event ein. Dies wird ein Moment sein, in dem die breiteren europ\u00e4ischen French Tech Communities zusammenkommen und sich besser kennenlernen k\u00f6nnen! Dies ist der perfekte Moment, [&hellip;]<\/p>\n","protected":false},"author":1,"featured_media":0,"parent":0,"menu_order":0,"comment_status":"closed","ping_status":"closed","template":"","meta":{"_uag_custom_page_level_css":"","site-sidebar-layout":"default","site-content-layout":"","ast-site-content-layout":"","site-content-style":"default","site-sidebar-style":"default","ast-global-header-display":"","ast-banner-title-visibility":"","ast-main-header-display":"","ast-hfb-above-header-display":"","ast-hfb-below-header-display":"","ast-hfb-mobile-header-display":"","site-post-title":"","ast-breadcrumbs-content":"","ast-featured-img":"","footer-sml-layout":"","theme-transparent-header-meta":"","adv-header-id-meta":"","stick-header-meta":"","header-above-stick-meta":"","header-main-stick-meta":"","header-below-stick-meta":"","astra-migrate-meta-layouts":"default","ast-page-background-enabled":"default","ast-page-background-meta":{"desktop":{"background-color":"var(--ast-global-color-4)","background-image":"","background-repeat":"repeat","background-position":"center center","background-size":"auto","background-attachment":"scroll","background-type":"","background-media":"","overlay-type":"","overlay-color":"","overlay-gradient":""},"tablet":{"background-color":"","background-image":"","background-repeat":"repeat","background-position":"center center","background-size":"auto","background-attachment":"scroll","background-type":"","background-media":"","overlay-type":"","overlay-color":"","overlay-gradient":""},"mobile":{"background-color":"","background-image":"","background-repeat":"repeat","background-position":"center center","background-size":"auto","background-attachment":"scroll","background-type":"","background-media":"","overlay-type":"","overlay-color":"","overlay-gradient":""}},"ast-content-background-meta":{"desktop":{"background-color":"var(--ast-global-color-5)","background-image":"","background-repeat":"repeat","background-position":"center center","background-size":"auto","background-attachment":"scroll","background-type":"","background-media":"","overlay-type":"","overlay-color":"","overlay-gradient":""},"tablet":{"background-color":"var(--ast-global-color-5)","background-image":"","background-repeat":"repeat","background-position":"center center","background-size":"auto","background-attachment":"scroll","background-type":"","background-media":"","overlay-type":"","overlay-color":"","overlay-gradient":""},"mobile":{"background-color":"var(--ast-global-color-5)","background-image":"","background-repeat":"repeat","background-position":"center center","background-size":"auto","background-attachment":"scroll","background-type":"","background-media":"","overlay-type":"","overlay-color":"","overlay-gradient":""}},"footnotes":""},"class_list":["post-5026","page","type-page","status-publish","hentry"],"uagb_featured_image_src":{"full":false,"thumbnail":false,"medium":false,"medium_large":false,"large":false,"1536x1536":false,"2048x2048":false},"uagb_author_info":{"display_name":"admin","author_link":"https:\/\/www.frenchtechberlin.com\/de\/author\/admin\/"},"uagb_comment_info":0,"uagb_excerpt":"Sonderveranstaltung w\u00e4hrend der Vivatech durch die franz\u00f6sischen Tech-Communities in Europa! Am 2. Tag von Viva Technology laden die Vorstandsmitglieder der franz\u00f6sischen Tech-Communities in Europa Sie zu einem ganz besonderen Networking-Event ein. Dies wird ein Moment sein, in dem die breiteren europ\u00e4ischen French Tech Communities zusammenkommen und sich besser kennenlernen k\u00f6nnen! Dies ist der perfekte Moment,&hellip;","_links":{"self":[{"href":"https:\/\/www.frenchtechberlin.com\/de\/wp-json\/wp\/v2\/pages\/5026","targetHints":{"allow":["GET"]}}],"collection":[{"href":"https:\/\/www.frenchtechberlin.com\/de\/wp-json\/wp\/v2\/pages"}],"about":[{"href":"https:\/\/www.frenchtechberlin.com\/de\/wp-json\/wp\/v2\/types\/page"}],"author":[{"embeddable":true,"href":"https:\/\/www.frenchtechberlin.com\/de\/wp-json\/wp\/v2\/users\/1"}],"replies":[{"embeddable":true,"href":"https:\/\/www.frenchtechberlin.com\/de\/wp-json\/wp\/v2\/comments?post=5026"}],"version-history":[{"count":3,"href":"https:\/\/www.frenchtechberlin.com\/de\/wp-json\/wp\/v2\/pages\/5026\/revisions"}],"predecessor-version":[{"id":5029,"href":"https:\/\/www.frenchtechberlin.com\/de\/wp-json\/wp\/v2\/pages\/5026\/revisions\/5029"}],"wp:attachment":[{"href":"https:\/\/www.frenchtechberlin.com\/de\/wp-json\/wp\/v2\/media?parent=5026"}],"curies":[{"name":"wp","href":"https:\/\/api.w.org\/{rel}","templated":true}]}}

<div class="wp-block-uagb-image uagb-block-8f4c036c wp-block-uagb-image--layout-default wp-block-uagb-image--effect-static wp-block-uagb-image--align-none"><figure class="wp-block-uagb-image__figure"><img decoding="async" srcset="https://www.frenchtechberlin.com/wp-content/uploads/2024/05/french-tech-communities-in-europe.jpeg ,https://www.frenchtechberlin.com/wp-content/uploads/2024/05/french-tech-communities-in-europe.jpeg 780w, https://www.frenchtechberlin.com/wp-content/uploads/2024/05/french-tech-communities-in-europe.jpeg 360w" sizes="auto, (max-width: 480px) 150px" src="https://www.frenchtechberlin.com/wp-content/uploads/2024/05/french-tech-communities-in-europe.jpeg" alt="" class="uag-image-5018" width="940" height="470" title="french-tech-communities-in-europe" loading="lazy" role="img"/></figure></div>

<p>Sonderveranstaltung während der Vivatech durch die französischen Tech-Communities in Europa!<br/><br/>Am 2. Tag von <a href="https://www.linkedin.com/company/viva-technology/">Viva Technology</a> laden die Vorstandsmitglieder der französischen Tech-Communities in Europa Sie zu einem ganz besonderen Networking-Event ein. Dies wird ein Moment sein, in dem die breiteren europäischen French Tech Communities zusammenkommen und sich besser kennenlernen können!<br/><br/>Dies ist der perfekte Moment, um sich mit französischen Tech-Communities in Europa zu vernetzen, mit Amsterdam, Barcelona, Belgrad, Berlin, Brüssel, Bukarest, Dublin, Düsseldorf, Istanbul, Italien, Krakau, Kiew, Lissabon, London, Madrid, München, den nordischen Ländern und der Schweiz!<br/><br/>Wann: Donnerstag, 23. Mai<br/>Zeit: 6PM &#8211; 9PM<br/>Standort: <a href="https://www.linkedin.com/company/neoma-business-school/">NEOMA Business School</a> Campus in Paris<br/><br/>Wenn Sie Mitglied einer französischen Tech-Community in Europa sind, nehmen Sie an einer einzigartigen Networking-Veranstaltung über die besten Möglichkeiten zur Expansion in Europa teil.  </p>

<p>Registrieren Sie sich noch heute:  </p>

<p><a href="https://www.eventbrite.com/e/la-french-tech-in-europe-gathering-tickets-848614668317">https://www.eventbrite.com/e/la-french-tech-in-europe-gathering-tickets-848614668317</a><br/><br/>Wir hoffen, viele von Ihnen dort zu sehen!<br/><br/><a href="https://www.linkedin.com/company/la-french-tech/">La French Tech</a> <a href="https://www.linkedin.com/company/frenchtechamsterdam/">Französisch Tech Amsterdam</a> <a href="https://www.linkedin.com/company/la-french-tech-italy/">La French Tech Italien</a> <a href="https://www.linkedin.com/company/french-tech-london/">La French Tech London</a> <a href="https://www.linkedin.com/company/french-tech-berlin/">Französisch Tech Berlin</a> <a href="https://www.linkedin.com/company/la-french-tech-d-sseldorf/">La French Tech Düsseldorf</a> <a href="https://www.linkedin.com/company/la-french-tech-munich/">La French Tech München</a> <a href="https://www.linkedin.com/company/french-tech-istanbul/">La French Tech Istanbul</a> <a href="https://www.linkedin.com/company/french-tech-belgrade/">La French Tech Belgrad</a> <a href="https://www.linkedin.com/company/frenchtech-dublin/">La French Tech Dublin</a> <a href="https://www.linkedin.com/company/la-french-tech-bruxelles/">La French Tech Brüssel</a> <a href="https://www.linkedin.com/company/french-tech-madrid/">Französisch Tech Madrid</a> <a href="https://www.linkedin.com/company/french-tech-krakow/">La French Tech Krakau</a> <a href="https://www.linkedin.com/company/french-tech-barcelona/">Französisch Tech Barcelona</a> <a href="https://www.linkedin.com/company/french-tech-kyiv/">La French Tech Kyiv</a> <a href="https://www.linkedin.com/company/frenchtechbucharest/">Französisch Tech Bukarest</a> <a href="https://www.linkedin.com/company/frenchtechlisbon/">Französisch Tech Lissabon</a> <a href="https://www.linkedin.com/company/la-french-tech-nordics/">La French Tech Nordics</a> <a href="https://www.linkedin.com/company/lafrenchtechsuisse/">La French Tech Suisse Romande</a><br/></p>

<p>Bestätigte Redner:<br/><a href="https://www.linkedin.com/in/ACoAAAADBPEBewMWHPFff4-8-CA4tYRG7FTEo8o"></a><a href="https://www.linkedin.com/in/patrickamiel/">Patrick Amiel</a>, Gründer <a href="https://www.linkedin.com/company/321founded/">321 &#8211; Corporate Startup Studio</a><br/><a href="https://www.linkedin.com/in/ACoAAANjxDwB9Jn7Ve0IXZMpQjnjFcf9bK_w7wI"></a><a href="https://www.linkedin.com/in/pascalcondamine/">Pascal Condamine</a>, VP Startups <a href="https://www.linkedin.com/company/scaleway/">Scaleway</a><br/><a href="https://www.linkedin.com/in/ACoAAB03Jr4B1Zb9of9Zaqkld-HSrQP4m9GHfPQ"></a><a href="https://www.linkedin.com/in/nicolas-proust-8a6199118/">NICOLAS PROUST</a>, Leiter der Strategie <a href="https://www.linkedin.com/company/pasqal/">Pasqal</a><br/>Pauline Paquet (Director of Operations) und Nuria Rivaya (Brand &amp; Communications Lead), Xange  </p>

<p></p>

<p>Sonderveranstaltung während der Vivatech durch die französischen Tech-Communities in Europa! Am 2. Tag von Viva Technology laden die Vorstandsmitglieder der französischen Tech-Communities in Europa Sie zu einem ganz besonderen Networking-Event ein. Dies wird ein Moment sein, in dem die breiteren europäischen French Tech Communities zusammenkommen und sich besser kennenlernen können! Dies ist der perfekte Moment, [&hellip;]</p>

Sonderveranstaltung während der Vivatech durch die französischen Tech-Communities in Europa! Am 2. Tag von Viva Technology laden die Vorstandsmitglieder der französischen Tech-Communities in Europa Sie zu einem ganz besonderen Networking-Event ein. Dies wird ein Moment sein, in dem die breiteren europäischen French Tech Communities zusammenkommen und sich besser kennenlernen können! Dies ist der perfekte Moment,&hellip;
